1
List the prime factors of 580190.
2, 5, 13, 4463
List the prime factors of 70896.
2, 3, 7, 211
What are the prime factors of 6643099?
1091, 6089
What are the prime factors of 9240409?
9240409
List the prime factors of 20460884.
2, 1213, 4217
What are the prime factors of 19448322?
2, 3, 3241387
What are the prime factors of 103849?
29, 3581
What are the prime factors of 656031?
3, 218677
What are the prime factors of 173249?
173249
What are the prime factors of 1228745?
5, 7, 35107
What are the prime factors of 3495079?
7, 223, 2239
List the prime factors of 252539.
7, 43, 839
List the prime factors of 7053520.
2, 5, 88169
What are the prime factors of 20870816?
2, 19, 34327
What are the prime factors of 380153?
31, 12263
What are the prime factors of 630541?
53, 11897
What are the prime factors of 110035?
5, 59, 373
List the prime factors of 1552243.
7, 11, 19, 1061
List the prime factors of 851.
23, 37
List the prime factors of 408441.
3, 11, 12377
List the prime factors of 4770336.
2, 3, 17, 37, 79
List the prime factors of 231636.
2, 3, 97, 199
What are the prime factors of 860790?
2, 3, 5, 7, 4099
What are the prime factors of 169226?
2, 191, 443
What are the prime factors of 972681?
3, 89, 3643
List the prime factors of 185461.
191, 971
List the prime factors of 6854411.
29, 71, 3329
List the prime factors of 24946870.
2, 5, 13, 191899
What are the prime factors of 131825?
5, 5273
List the prime factors of 23115513.
3, 41, 187931
List the prime factors of 188929.
13, 14533
List the prime factors of 3612078.
2, 3, 200671
What are the prime factors of 2865320?
2, 5, 71633
List the prime factors of 349087.
19, 967
List the prime factors of 1322139.
3, 7, 13, 29, 167
What are the prime factors of 921742?
2, 460871
What are the prime factors of 361269?
3, 137, 293
What are the prime factors of 8999020?
2, 5, 449951
What are the prime factors of 173552?
2, 10847
What are the prime factors of 5150733?
3, 7, 37, 947
List the prime factors of 2838.
2, 3, 11, 43
List the prime factors of 394859.
17, 23227
What are the prime factors of 4000004?
2, 101, 9901
What are the prime factors of 1061461?
61, 17401
What are the prime factors of 160732?
2, 11, 13, 281
What are the prime factors of 531424?
2, 16607
List the prime factors of 5719166.
2, 461, 6203
What are the prime factors of 352647?
3, 37, 353
List the prime factors of 225009.
3, 23, 1087
List the prime factors of 1016655.
3, 5, 67777
What are the prime factors of 788368?
2, 7, 7039
What are the prime factors of 11728?
2, 733
What are the prime factors of 1222347?
3, 7, 58207
List the prime factors of 1551221.
7, 221603
What are the prime factors of 4097211?
3, 199, 6863
List the prime factors of 8243582.
2, 31, 132961
List the prime factors of 287470.
2, 5, 17, 19, 89
What are the prime factors of 454315?
5, 90863
List the prime factors of 18278601.
3, 11, 553897
What are the prime factors of 973682?
2, 23, 61, 347
What are the prime factors of 18487213?
18487213
What are the prime factors of 17890372?
2, 4472593
List the prime factors of 6902047.
23, 300089
What are the prime factors of 77322?
2, 3, 7, 263
List the prime factors of 3044816.
2, 190301
What are the prime factors of 535511?
535511
What are the prime factors of 855348?
2, 3, 13, 5483
What are the prime factors of 757943?
757943
List the prime factors of 4467721.
283, 15787
List the prime factors of 17440673.
313, 55721
List the prime factors of 756033.
3, 23, 10957
What are the prime factors of 199767?
3, 17, 3917
List the prime factors of 108848.
2, 6803
List the prime factors of 91457.
91457
List the prime factors of 9351371.
1787, 5233
What are the prime factors of 125767?
31, 4057
What are the prime factors of 3605923?
3605923
List the prime factors of 742549.
742549
What are the prime factors of 1236270?
2, 3, 5, 7, 29
List the prime factors of 643940.
2, 5, 11, 2927
List the prime factors of 4036503.
3, 131, 10271
List the prime factors of 368833.
368833
List the prime factors of 8313661.
8313661
List the prime factors of 3758057.
127, 233
List the prime factors of 1885633.
1885633
What are the prime factors of 23415810?
2, 3, 5, 11, 70957
List the prime factors of 421978.
2, 101, 2089
List the prime factors of 10895283.
3, 7, 17, 3391
What are the prime factors of 5914421?
5914421
List the prime factors of 456591.
3, 152197
List the prime factors of 2909871.
3, 107773
What are the prime factors of 515176?
2, 71, 907
List the prime factors of 17972921.
233, 77137
List the prime factors of 3997482.
2, 3, 17, 39191
List the prime factors of 185859.
3, 107, 193
What are the prime factors of 288467?
288467
What are the prime factors of 1665034?
2, 7, 118931
List the prime factors of 78733.
43, 1831
What are the prime factors of 1025074?
2, 512537
List the prime factors of 4616650.
2, 5, 92333
List the prime factors of 99162.
2, 3, 7, 787
What are the prime factors of 2771201?
23, 71, 1697
What are the prime factors of 160546?
2, 80273
What are the prime factors of 4572655?
5, 31, 29501
List the prime factors of 8353416.
2, 3, 23, 37, 409
List the prime factors of 189340.
2, 5, 9467
List the prime factors of 42790.
2, 5, 11, 389
What are the prime factors of 3843851?
11, 223, 1567
What are the prime factors of 760435?
5, 13, 11699
List the prime factors of 865575.
3, 5, 3847
What are the prime factors of 534527?
7, 19, 4019
What are the prime factors of 2661378?
2, 3, 443563
List the prime factors of 282009.
3, 7, 13, 1033
List the prime factors of 582954.
2, 3, 97159
What are the prime factors of 282719?
269, 1051
What are the prime factors of 553315?
5, 7, 15809
List the prime factors of 2041855.
5, 43, 9497
What are the prime factors of 1800570?
2, 3, 5, 47, 1277
List the prime factors of 37334683.
2917, 12799
What are the prime factors of 171514?
2, 7, 12251
List the prime factors of 534958.
2, 267479
What are the prime factors of 3103774?
2, 1551887
List the prime factors of 26013762.
2, 3, 41, 101, 349
List the prime factors of 33451510.
2, 5, 569, 5879
What are the prime factors of 12040?
2, 5, 7, 43
List the prime factors of 472744.
2, 59093
List the prime factors of 2132940.
2, 3, 5, 19, 1871
What are the prime factors of 158005?
5, 31601
List the prime factors of 331815.
3, 5, 11, 2011
List the prime factors of 14379918.
2, 3, 7, 342379
List the prime factors of 191502.
2, 3, 10639
List the prime factors of 2671913.
19, 140627
What are the prime factors of 11874750?
2, 3, 5, 71, 223
What are the prime factors of 288072?
2, 3, 4001
What are the prime factors of 73325?
5, 7, 419
List the prime factors of 453472.
2, 37, 383
What are the prime factors of 1165956?
2, 3, 11, 73
What are the prime factors of 80850?
2, 3, 5, 7, 11
What are the prime factors of 5419476?
2, 3, 47, 3203
What are the prime factors of 39518259?
3, 11, 59, 20297
List the prime factors of 1182787.
1182787
What are the prime factors of 516784?
2, 32299
List the prime factors of 2487252.
2, 3, 19, 10909
What are the prime factors of 326687?
326687
What are the prime factors of 1240980?
2, 3, 5, 13, 37, 43
List the prime factors of 7235129.
11, 67, 9817
What are the prime factors of 5143492?
2, 47, 109, 251
What are the prime factors of 6985867?
7, 41, 101, 241
List the prime factors of 374898.
2, 3, 62483
List the prime factors of 1263218.
2, 11, 67, 857
List the prime factors of 2317286.
2, 1158643
What are the prime factors of 929561?
929561
List the prime factors of 604037.
7, 86291
List the prime factors of 6524788.
2, 383, 4259
What are the prime factors of 98623?
7, 73, 193
List the prime factors of 212901.
3, 13, 53, 103
List the prime factors of 3392610.
2, 3, 5, 13, 8699
What are the prime factors of 830188?
2, 207547
What are the prime factors of 1136269?
23, 127, 389
What are the prime factors of 94925?
5, 3797
What are the prime factors of 8132493?
3, 2710831
What are the prime factors of 6332536?
2, 7, 113081
What are the prime factors of 3200053?
79, 40507
What are the prime factors of 279689?
279689
List the prime factors of 9504616.
2, 11, 108007
List the prime factors of 4056675.
3, 5, 7, 7727
List the prime factors of 4120579.
17, 37, 6551
What are the prime factors of 22976244?
2, 3, 19, 11197
What are the prime factors of 44